{"id":2751,"date":"2025-06-05T08:52:40","date_gmt":"2025-06-05T06:52:40","guid":{"rendered":"https:\/\/www.studiocastellano.com\/?page_id=2751"},"modified":"2025-06-05T08:53:45","modified_gmt":"2025-06-05T06:53:45","slug":"ristrutturazioni-aziendali","status":"publish","type":"page","link":"https:\/\/www.studiocastellano.com\/index.php\/ristrutturazioni-aziendali\/","title":{"rendered":"Ristrutturazioni Aziendali"},"content":{"rendered":"\t\t<div data-elementor-type=\"wp-page\" data-elementor-id=\"2751\" class=\"elementor elementor-2751\">\n\t\t\t\t\t\t<section class=\"elementor-section elementor-top-section elementor-element elementor-element-88b286d elementor-section-boxed elementor-section-height-default elementor-section-height-default\" data-id=\"88b286d\" data-element_type=\"section\">\n\t\t\t\t\t\t<div class=\"elementor-container elementor-column-gap-no\">\n\t\t\t\t\t<div class=\"elementor-column elementor-col-100 elementor-top-column elementor-element elementor-element-9842a91\" data-id=\"9842a91\" data-element_type=\"column\">\n\t\t\t<div class=\"elementor-widget-wrap elementor-element-populated\">\n\t\t\t\t\t\t<div class=\"elementor-element elementor-element-0348b97 elementor-widget elementor-widget-text-editor\" data-id=\"0348b97\" data-element_type=\"widget\" data-widget_type=\"text-editor.default\">\n\t\t\t\t<div class=\"elementor-widget-container\">\n\t\t\t\t\t\t\t\t\t<p><img fetchpriority=\"high\" decoding=\"async\" class=\"size-medium wp-image-2632 alignright\" src=\"https:\/\/www.studiocastellano.com\/wp-content\/uploads\/2025\/06\/ristrutturazioni-aziendali-300x169.jpg\" alt=\"\" width=\"300\" height=\"169\" srcset=\"https:\/\/www.studiocastellano.com\/wp-content\/uploads\/2025\/06\/ristrutturazioni-aziendali-300x169.jpg 300w, https:\/\/www.studiocastellano.com\/wp-content\/uploads\/2025\/06\/ristrutturazioni-aziendali-350x197.jpg 350w, https:\/\/www.studiocastellano.com\/wp-content\/uploads\/2025\/06\/ristrutturazioni-aziendali-540x304.jpg 540w, https:\/\/www.studiocastellano.com\/wp-content\/uploads\/2025\/06\/ristrutturazioni-aziendali-710x400.jpg 710w, https:\/\/www.studiocastellano.com\/wp-content\/uploads\/2025\/06\/ristrutturazioni-aziendali.jpg 728w\" sizes=\"(max-width: 300px) 100vw, 300px\" \/>Ristrutturazioni Aziendali Per ristrutturazione aziendale si intende generalmente l\u2019attivit\u00e0 di riorganizzazione di un\u2019impresa avente problemi di tipo economico-finanziari ed organizzativi, al fine di adempiere gli obblighi verso i creditori e di renderla nuovamente operativa.<\/p><p>La riorganizzazione degli assets societari e del debito, in genere, hanno lo scopo di migliorare l\u2019efficienza dell\u2019impresa e ridurre gli oneri finanziari. Di frequente la riorganizzazione \u00e8 fra i primi provvedimenti presi per contenere le crisi aziendali. Ecco perch\u00e9 un intervento mirato, pu\u00f2 ridurre il rischio del verificarsi di nuove situazioni di inefficienza e pu\u00f2 consentire ad un\u2019impresa di superare le difficolt\u00e0 finanziare e di tornare redditiva.<\/p><p>Tale processo prevede inizialmente una fase di analisi degli elementi che hanno portato alla crisi aziendale, dopodich\u00e9, sulla base dei dati ottenuti, si formulano procedure operative che portano al taglio dei fattori di perdita e a rinegoziazioni delle condizioni originarie di un prestito (tassi, scadenze, divisa, periodo di garanzia).<\/p><p>Di conseguenza, al contenuto sostanzialmente negativo che spesso si associa al termine ristrutturazione, oggi si vanno aggiungendo connotazioni positive, connesse a opportunit\u00e0 di crescita che derivano dalla gestione proattiva della ristrutturazione e alla possibilit\u00e0 di un alleggerimento degli oneri finanziari del debitore.<\/p><p>Lo Studio Castellano interviene in tutte le fasi di riorganizzazione e ristrutturazione aziendale che comportino un&#8217;analisi giuridico-economica della crisi dell&#8217;impresa, al fine di adottare importanti scelte gestionali orientate, soprattutto, al risanamento aziendale e alla ristrutturazione del debito.<\/p>\t\t\t\t\t\t\t\t<\/div>\n\t\t\t\t<\/div>\n\t\t\t\t\t<\/div>\n\t\t<\/div>\n\t\t\t\t\t<\/div>\n\t\t<\/section>\n\t\t\t\t<\/div>\n\t\t","protected":false},"excerpt":{"rendered":"<p>Ristrutturazioni Aziendali Per ristrutturazione aziendale si intende generalmente l\u2019attivit\u00e0 di riorganizzazione di un\u2019impresa avente problemi di tipo economico-finanziari ed organizzativi, al fine di adempiere gli obblighi verso i creditori e di renderla nuovamente operativa. La riorganizzazione degli assets societari e del debito, in genere, hanno lo scopo di migliorare l\u2019efficienza dell\u2019impresa e ridurre gli oneri [&hellip;]<\/p>\n","protected":false},"author":1,"featured_media":2632,"parent":0,"menu_order":0,"comment_status":"closed","ping_status":"closed","template":"page-templates\/pages-image.php","meta":{"footnotes":""},"class_list":["post-2751","page","type-page","status-publish","has-post-thumbnail","hentry"],"_links":{"self":[{"href":"https:\/\/www.studiocastellano.com\/index.php\/wp-json\/wp\/v2\/pages\/2751","targetHints":{"allow":["GET"]}}],"collection":[{"href":"https:\/\/www.studiocastellano.com\/index.php\/wp-json\/wp\/v2\/pages"}],"about":[{"href":"https:\/\/www.studiocastellano.com\/index.php\/wp-json\/wp\/v2\/types\/page"}],"author":[{"embeddable":true,"href":"https:\/\/www.studiocastellano.com\/index.php\/wp-json\/wp\/v2\/users\/1"}],"replies":[{"embeddable":true,"href":"https:\/\/www.studiocastellano.com\/index.php\/wp-json\/wp\/v2\/comments?post=2751"}],"version-history":[{"count":3,"href":"https:\/\/www.studiocastellano.com\/index.php\/wp-json\/wp\/v2\/pages\/2751\/revisions"}],"predecessor-version":[{"id":2754,"href":"https:\/\/www.studiocastellano.com\/index.php\/wp-json\/wp\/v2\/pages\/2751\/revisions\/2754"}],"wp:featuredmedia":[{"embeddable":true,"href":"https:\/\/www.studiocastellano.com\/index.php\/wp-json\/wp\/v2\/media\/2632"}],"wp:attachment":[{"href":"https:\/\/www.studiocastellano.com\/index.php\/wp-json\/wp\/v2\/media?parent=2751"}],"curies":[{"name":"wp","href":"https:\/\/api.w.org\/{rel}","templated":true}]}}